ided by 268.
1
Calculate the remainder when 2068 is divided by 685.
13
Calculate the remainder when 122 is divided by 63.
59
Calculate the remainder when 1088 is divided by 10.
8
What is the remainder when 51 is divided by 17?
0
Calculate the remainder when 61 is divided by 39.
22
Calculate the remainder when 3877 is divided by 57.
1
What is the remainder when 242 is divided by 65?
47
What is the remainder when 651 is divided by 24?
3
Calculate the remainder when 721 is divided by 227.
40
What is the remainder when 469 is divided by 4?
1
What is the remainder when 24 is divided by 19?
5
What is the remainder when 525 is divided by 50?
25
What is the remainder when 833 is divided by 76?
73
Calculate the remainder when 906 is divided by 39.
9
Calculate the remainder when 8098 is divided by 13.
12
Calculate the remainder when 1367 is divided by 38.
37
What is the remainder when 70 is divided by 20?
10
What is the remainder when 1965 is divided by 420?
285
Calculate the remainder when 216 is divided by 20.
16
Calculate the remainder when 69 is divided by 21.
6
What is the remainder when 3666 is divided by 66?
36
Calculate the remainder when 101 is divided by 50.
1
Calculate the remainder when 320 is divided by 33.
23
What is the remainder when 246 is divided by 125?
121
Calculate the remainder when 401 is divided by 14.
9
What is the remainder when 146 is divided by 15?
11
What is the remainder when 36 is divided by 20?
16
Calculate the remainder when 1697 is divided by 171.
158
What is the remainder when 399 is divided by 81?
75
What is the remainder when 125 is divided by 28?
13
Calculate the remainder when 91 is divided by 32.
27
Calculate the remainder when 303 is divided by 152.
151
What is the remainder when 186 is divided by 22?
10
Calculate the remainder when 41 is divided by 13.
2
What is the remainder when 1262 is divided by 55?
52
Calculate the remainder when 358 is divided by 60.
58
Calculate the remainder when 152 is divided by 6.
2
What is the remainder when 222 is divided by 28?
26
What is the remainder when 357 is divided by 4?
1
Calculate the remainder when 3003 is divided by 24.
3
What is the remainder when 25832 is divided by 27?
20
What is the remainder when 8248 is divided by 23?
14
Calculate the remainder when 66 is divided by 19.
9
Calculate the remainder when 166 is divided by 24.
22
Calculate the remainder when 989 is divided by 66.
65
Calculate the remainder when 909 is divided by 226.
5
Calculate the remainder when 382 is divided by 1.
0
What is the remainder when 7739 is divided by 15?
14
What is the remainder when 560 is divided by 161?
77
What is the remainder when 167 is divided by 33?
2
Calculate the remainder when 1389 is divided by 48.
45
Calculate the remainder when 6078 is divided by 7.
2
What is the remainder when 414 is divided by 21?
15
What is the remainder when 79 is divided by 4?
3
Calculate the remainder when 1157 is divided by 73.
62
What is the remainder when 21 is divided by 2?
1
What is the remainder when 346 is divided by 59?
51
What is the remainder when 1166 is divided by 130?
126
What is the remainder when 451 is divided by 134?
49
What is the remainder when 235 is divided by 40?
35
What is the remainder when 108 is divided by 38?
32
What is the remainder when 224 is divided by 76?
72
What is the remainder when 602 is divided by 572?
30
What is the remainder when 2622 is divided by 1303?
16
Calculate the remainder when 7987 is divided by 399.
7
Calculate the remainder when 159 is divided by 79.
1
Calculate the remainder when 1595 is divided by 38.
37
What is the remainder when 998 is divided by 260?
218
What is the remainder when 366 is divided by 16?
14
Calculate the remainder when 203 is divided by 41.
39
Calculate the remainder when 3993 is divided by 32.
25
Calculate the remainder when 3536 is divided by 118.
114
What is the remainder when 1462 is divided by 128?
54
What is the remainder when 6149 is divided by 150?
149
Calculate the remainder when 250 is divided by 118.
14
What is the remainder when 2507 is divided by 38?
37
What is the remainder when 327 is divided by 24?
15
What is the remainder when 214 is divided by 85?
44
What is the remainder when 22000 is divided by 386?
384
Calculate the remainder when 68 is divided by 14.
12
Calculate the remainder when 3132 is divided by 15.
12
Calculate the remainder when 1635 is divided by 26.
23
Calculate the remainder when 731 is divided by 37.
28
What is the remainder when 2518 is divided by 120?
118
Calculate the remainder when 251 is divided by 54.
35
What is the remainder when 6234 is divided by 99?
96
Calculate the remainder when 1495 is divided by 34.
33
Calculate the remainder when 169 is divided by 31.
14
What is the remainder when 4458 is divided by 557?
2
What is the remainder when 1316 is divided by 12?
8
Calculate the remainder when 127 is divided by 8.
7
Calculate the remainder when 226 is divided by 145.
81
What is the remainder when 278 is divided by 70?
68
What is the remainder when 178 is divided by 175?
3
What is the remainder when 4813 is divided by 1199?
17
What is the remainder when 147 is divided by 50?
47
Calculate the remainder when 19 is divided by 19.
0
What is the remainder when 61 is divided by 17?
10
What is the remainder when 8346 is divided by 1390?
6
What is the remainder when 1393 is divided by 27?
16
Calculate the remainder when 9228 is divided by 130.
128
Calculate the remainder when 522 is divided by 156.
54
Calculate the remainder when 2373 is divided by 66.
63
Calculate the remainder when 502 is divided by 34.
26
Calculate the remainder when 92 is divided by 35.
22
What is the remainder when 283 is divided by 18?
13
Calculate the remainder when 35 is divided by 19.
16
What is the remainder when 168 is divided by 134?
34
Calculate the remainder when 2729 is divided by 43.
20
Calculate the remainder when 23 is divided by 4.
3
What is the remainder when 4643 is divided by 38?
7
Calculate the remainder when 313 is divided by 101.
10
What is the remainder when 1476 is divided by 309?
240
Calculate the remainder when 4138 is divided by 46.
44
Calculate the remainder when 1521 is divided by 377.
13
What is the remainder when 819 is divided by 22?
5
What is the remainder when 1811 is divided by 73?
59
What is the remainder when 535 is divided by 4?
3
What is the remainder when 4556 is divided by 53?
51
What is the remainder when 2428 is divided by 128?
124
Calculate the remainder when 5022 is divided by 39.
30
Calculate the remainder when 182 is divided by 181.
1
Calculate the remainder when 131 is divided by 56.
19
Calculate the remainder when 62 is divided by 21.
20
What is the remainder when 296 is divided by 41?
9
What is the remainder when 16 is divided by 5?
1
What is the remainder when 1726 is divided by 8?
6
What is the remainder when 39 is divided by 2?
1
What is the remainder when 1734 is divided by 102?
0
Calculate the remainder when 286 is divided by 99.
88
Calculate the remainder when 1819 is divided by 91.
90
What is the remainder when 16 is divided by 4?
0
What is the remainder when 151 is divided by 52?
47
What is the remainder when 54 is divided by 11?
10
What is the remainder when 102 is divided by 28?
18
What is the remainder when 278 is divided by 73?
59
What is the remainder when 207 is divided by 21?
18
Calculate the remainder when 189 is divided by 90.
9
Calculate the remainder when 415 is divided by 9.
1
Calculate the remainder when 710 is divided by 76.
26
What is the remainder when 482 is divided by 250?
232
What is the remainder when 55 is divided by 23?
9
Calculate the remainder when 4137 is divided by 60.
57
Calculate the remainder when 250 is divided by 64.
58
What is the remainder when 234 is divided by 84?
66
Calculate the remainder when 9840 is divided by 1639.
6
Calculate the remainder when 109 is divided by 97.
12
What is the remainder when 911 is divided by 21?
8
What is the remainder when 3597 is divided by 150?
147
What is the remainder when 1539 is divided by 67?
65
Calculate the remainder when 84 is divided by 36.
12
Calculate the remainder when 956 is divided by 29.
28
What is the remainder when 1407 is divided by 44?
43
What is the remainder when 1087 is divided by 11?
